119892601 a prime number?
True
Is 3112798823 composite?
True
Is 22977428063 a composite number?
False
Is 2758211581 a composite number?
True
Is 1755010277 prime?
False
Is 24930781433 composite?
True
Is 3221229811 composite?
True
Is 730885349 composite?
False
Is 3020115881 composite?
True
Is 23176420213 composite?
False
Is 2163989413 a prime number?
True
Is 988612901 composite?
False
Is 132859042979 a composite number?
True
Is 1817015086 a prime number?
False
Is 8376277607 composite?
False
Is 2251135567 prime?
False
Is 1906627273 a composite number?
False
Is 36691295423 a composite number?
False
Is 420948091 a composite number?
False
Is 122833327027 composite?
False
Is 61096859 a composite number?
False
Is 3892273939 composite?
False
Is 75048589207 composite?
True
Is 15899014289 a prime number?
True
Is 694017277 a composite number?
True
Is 847114627 prime?
True
Is 9496728293 prime?
False
Is 5730505489 prime?
True
Is 580395743 prime?
True
Is 5011028591 a prime number?
True
Is 817918337 a prime number?
False
Is 38387179 composite?
False
Is 20843076869 prime?
True
Is 77106435643 composite?
False
Is 2522833139 prime?
True
Is 2223656555 a composite number?
True
Is 51167927893 a composite number?
False
Is 17642803 a prime number?
False
Is 28224127 a prime number?
False
Is 14720469461 a composite number?
True
Is 4998010749 a prime number?
False
Is 5680460147 composite?
False
Is 1933789043 a composite number?
False
Is 1744836227 composite?
True
Is 172627289 prime?
False
Is 14712363301 composite?
True
Is 47559892726 prime?
False
Is 7838489587 a composite number?
True
Is 12656822623 composite?
False
Is 383659753 composite?
True
Is 118635355565 a composite number?
True
Is 14019995723 a prime number?
True
Is 17549504237 a prime number?
False
Is 9634528651 prime?
False
Is 8240447251 prime?
False
Is 3108238729 prime?
False
Is 2392191287 a prime number?
False
Is 26499347311 a composite number?
True
Is 8322751981 prime?
True
Is 49445439971 a prime number?
False
Is 259845809 prime?
True
Is 67766880941 prime?
False
Is 14645589169 a composite number?
True
Is 5683032071 composite?
True
Is 5492893243 prime?
False
Is 47248905733 prime?
True
Is 1274122547 prime?
False
Is 174534847337 a prime number?
True
Is 10757556569 a composite number?
True
Is 37715163779 a composite number?
False
Is 37317421103 prime?
True
Is 41042408107 a prime number?
True
Is 7241913439 a composite number?
False
Is 1080222797 a prime number?
True
Is 118330129 a composite number?
False
Is 624721367 composite?
False
Is 5656953833 prime?
True
Is 1506388669 composite?
True
Is 7695271273 a composite number?
False
Is 482074637 prime?
False
Is 1987258739 a prime number?
True
Is 370081709 a prime number?
True
Is 7863803627 a prime number?
True
Is 7368248957 a composite number?
False
Is 193664473 a composite number?
True
Is 38472668087 a composite number?
True
Is 1820175866 prime?
False
Is 54189739 composite?
False
Is 41384974 composite?
True
Is 421944074 a prime number?
False
Is 9031151 prime?
False
Is 8120210717 a prime number?
False
Is 6343200541 a composite number?
False
Is 1266667049 composite?
False
Is 246277763 a prime number?
True
Is 13263130687 composite?
True
Is 24594118139 composite?
False
Is 70278275453 a prime number?
True
Is 6820708109 prime?
True
Is 4938962311 a composite number?
False
Is 39042224519 prime?
False
Is 56418385159 prime?
True
Is 10299009701 composite?
False
Is 1466984299 prime?
False
Is 3555302999 a composite number?
True
Is 409053101 prime?
True
Is 13494482359 composite?
False
Is 15415065409 a prime number?
False
Is 3601566571 composite?
True
Is 58358545951 composite?
False
Is 2250940771 a composite number?
False
Is 3760078463 prime?
False
Is 2794545559 a composite number?
True
Is 54615625709 a prime number?
True
Is 7523864899 composite?
False
Is 10362800207 a prime number?
False
Is 59888412439 prime?
True
Is 550215327073 prime?
True
Is 1117737191 a composite number?
False
Is 80446733 a composite number?
False
Is 116591459 prime?
True
Is 11775056327 prime?
True
Is 9931500259 a prime number?
False
Is 876307561 prime?
True
Is 593218471 a prime number?
True
Is 10767815057 a composite number?
True
Is 1485850001 prime?
True
Is 5296209377 prime?
True
Is 1287994517 a composite number?
False
Is 20368871585 a composite number?
True
Is 31783467613 composite?
False
Is 54175415773 composite?
False
Is 33561469021 a composite number?
False
Is 20209029031 a composite number?
False
Is 6287867179 a prime number?
False
Is 2202680498 prime?
False
Is 145673438819 a prime number?
False
Is 15133576471 a composite number?
True
Is 20068025969 composite?
False
Is 264684926477 a composite number?
False
Is 57491568121 a composite number?
True
Is 40973717467 composite?
False
Is 7914332927 composite?
False
Is 1941291269 a prime number?
False
Is 1675545457 a composite number?
True
Is 3226713697 a prime number?
True
Is 2475718253 composite?
False
Is 1844226303 composite?
True
Is 150328552359 prime?
False
Is 1801958009 composite?
False
Is 96690467 a composite number?
False
Is 130607560519 composite?
False
Is 83799839345 composite?
True
Is 5843422591 a composite number?
False
Is 22144415389 a prime number?
True
Is 4256856371 a composite number?
False
Is 2397028861 composite?
True
Is 71378609303 a composite number?
False
Is 375134761 prime?
False
Is 2808411517 prime?
False
Is 164028962255 a composite number?
True
Is 6752390927 a composite number?
False
Is 64457045 prime?
False
Is 65851366349 prime?
False
Is 13536597197 a prime number?
True
Is 86864564147 prime?
True
Is 53492088079 composite?
True
Is 2315556853 a prime number?
True
Is 22491431671 prime?
True
Is 763688836805 a prime number?
False
Is 1090019461 a prime number?
True
Is 237552389 a prime number?
True
Is 19217177677 a prime number?
True
Is 37052374763 a composite number?
False
Is 1594916039 a composite number?
True
Is 858606563 a prime number?
True
Is 9275820761 a composite number?
False
Is 3796367047 a composite number?
True
Is 9959430707 composite?
True
Is 492977503 prime?
True
Is 88586819281 prime?
True
Is 8155445647 prime?
True
Is 32434457521 prime?
True
Is 6982026707 a prime number?
True
Is 1215351733 composite?
False
Is 2060674691 prime?
True
Is 262322521 prime?
False
Is 43703883583 a prime number?
False
Is 4558470019 a composite number?
False
Is 107760713 a prime number?
False
Is 12148686763 a composite number?
True
Is 1729198369 composite?
False
Is 6575794367 a prime number?
False
Is 7907143813 composite?
False
Is 125201267 prime?
False
Is 963209081 a composite number?
False
Is 3399374939 prime?
True
Is 30895584523 a composite number?
True
Is 215824105643 prime?
False
Is 16396796687 a composite number?
True
Is 1081689743 prime?
True
Is 31823860147 composite?
False
Is 2273137 a prime number?
False
Is 32951384533 prime?
True
Is 3514400866 composite?
True
Is 948967363 prime?
True
Is 1097663713 composite?
True
Is 92855687 composite?
False
Is 699276569 a composite number?
False
Is 8252191582 prime?
False
Is 8085538393 a prime number?
True
Is 149305049 a prime number?
True
Is 19111331419 a prime number?
False
Is 1114296853 a composite number?
True
Is 40675574741 a composite number?
True
Is 2477305339 composite?
False
Is 1616436209 prime?
True
Is 959093167 composite?
False
Is 1780217993 composite?
False
Is 24526978261 a prime number?
True
Is 6030363133 composite?
True
Is 1500315941 composite?
False
Is 25502584285 composite?
True
Is 2278779949 prime?
True
Is 257797393941 composite?
True
Is 15511116223 composite?
False
Is 226602451 composite?
True
Is 27569653273 composite?
False
Is 86684965459 a composite number?
True
Is 1593641513 a prime number?
False
Is 48808658222 prime?
False
Is 17319251299 a composite number?
True
Is 1285741727 a prime number?
False
Is 42896006017 prime?
True
Is 2058395737 prime?
False
Is 4580312411 a prime number?
True
Is 289545401 prime?
True
Is 5362945123 a composite number?
True
Is 40263703 a prime number?
True
Is 481274089 a prime number?
False
Is 1492256783 prime?
True
Is 10210904447 a prime number?
False
Is 179106680407 a prime number?
True
Is 926454115 a prime number?
False
Is 50103809561 prime?
False
Is 23592423211 a prime number?
False
Is 608130869 prime?
True
Is 230749535945 prime?
False
Is 3002979587 prime?
